{"id":27,"date":"2023-02-11T13:28:41","date_gmt":"2023-02-11T12:28:41","guid":{"rendered":"http:\/\/gv-nordend.de\/?page_id=27"},"modified":"2026-04-06T20:12:22","modified_gmt":"2026-04-06T19:12:22","slug":"ueber-uns","status":"publish","type":"page","link":"https:\/\/gvnordend.de\/?page_id=27","title":{"rendered":"Wissenswertes"},"content":{"rendered":"\n<p class=\"has-medium-font-size\"><strong><em>Was man \u00fcber uns wissen <\/em><\/strong><em><strong>sollte<\/strong><\/em><strong><em>&#8230;<\/em><\/strong><\/p>\n\n\n\n<p><strong>Schlachtruf<\/strong><\/p>\n\n\n\n<p><strong>&#8222;Wei-Wei&#8220;<\/strong>&nbsp;lautet der Schlachtruf der Nordender &#8211; die Begr\u00fc\u00dfung unter J\u00e4gern im hochnordischen Lappland. \u00dcbersetzt hei\u00dft &#8222;Wei-Wei&#8220; soviel wie&nbsp;<strong>&#8222;Freude &#8211; Freude&#8220;<\/strong>.<\/p>\n\n\n\n<p>Eigentlich recht einfach, so der erste Gedanke. Die Schwierigkeiten treten jedoch beim gemeinsamen Ausrufen auf. Es erfolgt kein Vorruf, wie bei den Schlachtrufen anderer Randstaaten. Um Einklang zu erreichen, haben sich die Karnevalisten auf folgende Regelung geeinigt:<\/p>\n\n\n\n<p>Einer ruft: &#8222;Dem Hohen Norden ein dreifach donnerndes&#8220; &#8211; die anderen &#8211; &#8222;Wei-Wei&#8220;, &#8222;Wei-Wei&#8220;, &#8222;Wei-Wei&#8220;.<\/p>\n\n\n\n<p>Wer diesen Schlachtruf beherrscht, darf sich ein echter Nordender nennen.<\/p>\n\n\n\n<p><strong>Gr\u00fcndung<\/strong><\/p>\n\n\n\n<p>Der Geselligkeitsverein Nordend Fulda e.V. wurde im Jahre 1923&nbsp;gegr\u00fcndet und ist heute einer der vielen Karnevalsvereine in der Fastnachtshochburg Fulda.<\/p>\n\n\n\n<p><strong>Mitglieder<\/strong><\/p>\n\n\n\n<p>Der Verein besitzt \u00fcber 100 aktive Mitglieder, welche sich in vielen verschiedenen Abteilungen und Gruppen in ihrer Freizeit engagieren. Weitere Infos hierzu finden Sie unter dem Men\u00fcpunkt Aktive \/ Gruppen.<\/p>\n\n\n<p>Du hast auch Interesse daran in unserem Verein aktiv zu werden?<\/p>\n<p>Wir freuen uns! Kein Problem, nimm einfach Kontakt mit uns auf! Per Mail an Vorstand@gvnordend.de, gerne auch \u00fcber die verschiedenen Gruppen oder auch \u00fcber Facebook<\/p>\n<h6><a href=\"https:\/\/www.facebook.com\/profile.php?id=100081212987834\" target=\"_blank\" rel=\"noopener\"><img decoding=\"async\" class=\"alignnone wp-image-1363\" src=\"https:\/\/gvnordend.de\/wp-content\/uploads\/2023\/01\/QR-Code-GVNordend-Facebook-270x300.png\" alt=\"Nordend Code Facebook\" width=\"168\" height=\"187\" srcset=\"https:\/\/gvnordend.de\/wp-content\/uploads\/2023\/01\/QR-Code-GVNordend-Facebook-270x300.png 270w, https:\/\/gvnordend.de\/wp-content\/uploads\/2023\/01\/QR-Code-GVNordend-Facebook.png 419w\" sizes=\"(max-width: 168px) 100vw, 168px\" \/><\/a><\/h6>\n<h6>F\u00fcr nur 24.- \/30,- Euro Jahresbeitrag Mitglied werden? Hier findest du unsere\u00a0 <a href=\"https:\/\/gvnordend.de\/wp-content\/uploads\/2024\/06\/Beitrittserklaerung-2024-06-GV-Nordend.pdf\">Beitrittserkl\u00e4rung<\/a><\/h6>\n<p>Du m\u00f6chtest unseren Traditionsverein auf eine andere Art unterst\u00fctzen? Das freut uns sehr&#8230;. Schreibe uns gerne eine Mail. F\u00fcr finanzielle Unterst\u00fctzung\/Spenden kannst du diese Bankverbindung verwenden:<\/p>\n<\/p>\n\n<div class=\"wp-block-image\">\n<figure class=\"aligncenter size-full is-resized\"><img decoding=\"async\" width=\"394\" height=\"183\" src=\"https:\/\/gvnordend.de\/wp-content\/uploads\/2026\/01\/GVN-Bank-2026.png\" alt=\"\" class=\"wp-image-2144\" style=\"aspect-ratio:2.1531804413673736;width:306px;height:auto\" srcset=\"https:\/\/gvnordend.de\/wp-content\/uploads\/2026\/01\/GVN-Bank-2026.png 394w, https:\/\/gvnordend.de\/wp-content\/uploads\/2026\/01\/GVN-Bank-2026-300x139.png 300w\" sizes=\"(max-width: 394px) 100vw, 394px\" \/><\/figure>\n<\/div>\n\n\n<div data-wp-interactive=\"core\/file\" class=\"wp-block-file\"><object data-wp-bind--hidden=\"!state.hasPdfPreview\" hidden class=\"wp-block-file__embed\" data=\"https:\/\/gvnordend.de\/wp-content\/uploads\/2026\/04\/Satzung-des-GV-Nordend-2019-1.pdf\" type=\"application\/pdf\" style=\"width:100%;height:600px\" aria-label=\"Einbettung von Satzung des GV Nordend 2019 (1).\"><\/object><a id=\"wp-block-file--media-61955962-f8cc-4607-8da5-a6373ba3f981\" href=\"https:\/\/gvnordend.de\/wp-content\/uploads\/2026\/04\/Satzung-des-GV-Nordend-2019-1.pdf\">Satzung des GV Nordend 2019 (1)<\/a><a href=\"https:\/\/gvnordend.de\/wp-content\/uploads\/2026\/04\/Satzung-des-GV-Nordend-2019-1.pdf\" class=\"wp-block-file__button wp-element-button\" download aria-describedby=\"wp-block-file--media-61955962-f8cc-4607-8da5-a6373ba3f981\">Herunterladen<\/a><\/div>\n","protected":false},"excerpt":{"rendered":"<p>Was man \u00fcber uns wissen sollte&#8230; Schlachtruf &#8222;Wei-Wei&#8220;&nbsp;lautet der Schlachtruf der Nordender &#8211; die Begr\u00fc\u00dfung unter J\u00e4gern im hochnordischen Lappland. \u00dcbersetzt hei\u00dft &#8222;Wei-Wei&#8220; soviel wie&nbsp;&#8222;Freude &#8211; Freude&#8220;. Eigentlich recht einfach, so der erste Gedanke. Die Schwierigkeiten treten jedoch beim gemeinsamen Ausrufen auf. Es erfolgt kein Vorruf, wie bei den Schlachtrufen anderer Randstaaten. Um Einklang zu [&hellip;]<\/p>\n","protected":false},"author":1,"featured_media":0,"parent":1392,"menu_order":0,"comment_status":"closed","ping_status":"closed","template":"","meta":{"ocean_post_layout":"","ocean_both_sidebars_style":"","ocean_both_sidebars_content_width":0,"ocean_both_sidebars_sidebars_width":0,"ocean_sidebar":"0","ocean_second_sidebar":"0","ocean_disable_margins":"enable","ocean_add_body_class":"","ocean_shortcode_before_top_bar":"","ocean_shortcode_after_top_bar":"","ocean_shortcode_before_header":"","ocean_shortcode_after_header":"","ocean_has_shortcode":"","ocean_shortcode_after_title":"","ocean_shortcode_before_footer_widgets":"","ocean_shortcode_after_footer_widgets":"","ocean_shortcode_before_footer_bottom":"","ocean_shortcode_after_footer_bottom":"","ocean_display_top_bar":"default","ocean_display_header":"default","ocean_header_style":"","ocean_center_header_left_menu":"0","ocean_custom_header_template":"0","ocean_custom_logo":0,"ocean_custom_retina_logo":0,"ocean_custom_logo_max_width":0,"ocean_custom_logo_tablet_max_width":0,"ocean_custom_logo_mobile_max_width":0,"ocean_custom_logo_max_height":0,"ocean_custom_logo_tablet_max_height":0,"ocean_custom_logo_mobile_max_height":0,"ocean_header_custom_menu":"0","ocean_menu_typo_font_family":"0","ocean_menu_typo_font_subset":"","ocean_menu_typo_font_size":0,"ocean_menu_typo_font_size_tablet":0,"ocean_menu_typo_font_size_mobile":0,"ocean_menu_typo_font_size_unit":"px","ocean_menu_typo_font_weight":"","ocean_menu_typo_font_weight_tablet":"","ocean_menu_typo_font_weight_mobile":"","ocean_menu_typo_transform":"","ocean_menu_typo_transform_tablet":"","ocean_menu_typo_transform_mobile":"","ocean_menu_typo_line_height":0,"ocean_menu_typo_line_height_tablet":0,"ocean_menu_typo_line_height_mobile":0,"ocean_menu_typo_line_height_unit":"","ocean_menu_typo_spacing":0,"ocean_menu_typo_spacing_tablet":0,"ocean_menu_typo_spacing_mobile":0,"ocean_menu_typo_spacing_unit":"","ocean_menu_link_color":"","ocean_menu_link_color_hover":"","ocean_menu_link_color_active":"","ocean_menu_link_background":"","ocean_menu_link_hover_background":"","ocean_menu_link_active_background":"","ocean_menu_social_links_bg":"","ocean_menu_social_hover_links_bg":"","ocean_menu_social_links_color":"","ocean_menu_social_hover_links_color":"","ocean_disable_title":"default","ocean_disable_heading":"default","ocean_post_title":"\u00dcber uns","ocean_post_subheading":"","ocean_post_title_style":"","ocean_post_title_background_color":"","ocean_post_title_background":0,"ocean_post_title_bg_image_position":"","ocean_post_title_bg_image_attachment":"","ocean_post_title_bg_image_repeat":"","ocean_post_title_bg_image_size":"","ocean_post_title_height":0,"ocean_post_title_bg_overlay":0.5,"ocean_post_title_bg_overlay_color":"","ocean_disable_breadcrumbs":"default","ocean_breadcrumbs_color":"","ocean_breadcrumbs_separator_color":"","ocean_breadcrumbs_links_color":"","ocean_breadcrumbs_links_hover_color":"","ocean_display_footer_widgets":"default","ocean_display_footer_bottom":"default","ocean_custom_footer_template":"0","omw_enable_modal_window":"enable","ofc_meta_disable_footer_callout":"","ofc_meta_callout_button_url":"","ofc_meta_callout_button_txt":"","ofc_meta_callout_text":"","ofc_enable_fullscreen":"disable","ofc_fullscreen_speed":0,"ofc_fullscreen_nav":"enable","ofc_fullscreen_nav_pos":"right","ofc_fullscreen_nav_color":"","ofc_fullscreen_nav_tooltip_color":"","ofc_fullscreen_responsive":0,"osp_disable_panel":"off","osh_disable_topbar_sticky":"default","osh_disable_header_sticky":"default","osh_sticky_header_style":"default","osh_sticky_header_effect":"","osh_custom_sticky_logo":0,"osh_custom_retina_sticky_logo":0,"osh_custom_sticky_logo_height":0,"osh_background_color":"","osh_links_color":"","osh_links_hover_color":"","osh_links_active_color":"","osh_links_bg_color":"","osh_links_hover_bg_color":"","osh_links_active_bg_color":"","osh_menu_social_links_color":"","osh_menu_social_hover_links_color":"","footnotes":""},"class_list":["post-27","page","type-page","status-publish","hentry","entry"],"_links":{"self":[{"href":"https:\/\/gvnordend.de\/index.php?rest_route=\/wp\/v2\/pages\/27","targetHints":{"allow":["GET"]}}],"collection":[{"href":"https:\/\/gvnordend.de\/index.php?rest_route=\/wp\/v2\/pages"}],"about":[{"href":"https:\/\/gvnordend.de\/index.php?rest_route=\/wp\/v2\/types\/page"}],"author":[{"embeddable":true,"href":"https:\/\/gvnordend.de\/index.php?rest_route=\/wp\/v2\/users\/1"}],"replies":[{"embeddable":true,"href":"https:\/\/gvnordend.de\/index.php?rest_route=%2Fwp%2Fv2%2Fcomments&post=27"}],"version-history":[{"count":16,"href":"https:\/\/gvnordend.de\/index.php?rest_route=\/wp\/v2\/pages\/27\/revisions"}],"predecessor-version":[{"id":2145,"href":"https:\/\/gvnordend.de\/index.php?rest_route=\/wp\/v2\/pages\/27\/revisions\/2145"}],"up":[{"embeddable":true,"href":"https:\/\/gvnordend.de\/index.php?rest_route=\/wp\/v2\/pages\/1392"}],"wp:attachment":[{"href":"https:\/\/gvnordend.de\/index.php?rest_route=%2Fwp%2Fv2%2Fmedia&parent=27"}],"curies":[{"name":"wp","href":"https:\/\/api.w.org\/{rel}","templated":true}]}}