{"id":2028,"date":"2025-05-18T13:24:37","date_gmt":"2025-05-18T12:24:37","guid":{"rendered":"https:\/\/gvnordend.de\/?page_id=2028"},"modified":"2026-03-01T14:45:29","modified_gmt":"2026-03-01T13:45:29","slug":"die-musikfreunde-fulda","status":"publish","type":"page","link":"https:\/\/gvnordend.de\/?page_id=2028","title":{"rendered":"Die Musikfreunde Fulda"},"content":{"rendered":"\n<figure class=\"wp-block-image size-full is-resized\"><img decoding=\"async\" width=\"1920\" height=\"1278\" src=\"https:\/\/gvnordend.de\/wp-content\/uploads\/2026\/03\/IMG_0069.jpg\" alt=\"\" class=\"wp-image-2191\" style=\"width:481px;height:auto\" srcset=\"https:\/\/gvnordend.de\/wp-content\/uploads\/2026\/03\/IMG_0069.jpg 1920w, https:\/\/gvnordend.de\/wp-content\/uploads\/2026\/03\/IMG_0069-300x200.jpg 300w, https:\/\/gvnordend.de\/wp-content\/uploads\/2026\/03\/IMG_0069-1024x682.jpg 1024w, https:\/\/gvnordend.de\/wp-content\/uploads\/2026\/03\/IMG_0069-768x511.jpg 768w, https:\/\/gvnordend.de\/wp-content\/uploads\/2026\/03\/IMG_0069-1536x1022.jpg 1536w\" sizes=\"(max-width: 1920px) 100vw, 1920px\" \/><\/figure>\n\n\n<p><em><strong>Die Musikfreunde Fulda<\/strong><\/em><\/p>\n<p>Die Musikfreunde Fulda wurden am 12. Mai 2007 gegr\u00fcndet. Zielsetzung der Musikfreunde ist es, die Musik und den daraus entstehenden Spa\u00df an die Mitmenschen weiterzugeben. Bereits vorher bestanden in Fulda verschiedene Spielmanns- und Fanfarenz\u00fcge, deren Existenz mit Sicherheit nicht unwesentlich zur Gr\u00fcndung der Musikfreunde beigetragen hat.<\/p>\n<p>Achtundzwanzig interessierte Musiker, die mit viel Spa\u00df und mit Freude musizieren, haben eigenst\u00e4ndig die Musikfreunde Fulda gegr\u00fcndet.<\/p>\n<p>Seit 2008 begleiten die Musikfreunde w\u00e4hrend der Kampagnen den Geselligkeitsverein Nordend, da sie die Fastnacht genauso gerne feiern und lieben. Sie sind aus unserem Vereinsleben nicht mehr wegzudenken. Es macht einfach nur viel Freude mit diesen fr\u00f6hlichen Musikern einzumarschieren und bei den Umz\u00fcgen durch Fulda\u00b4s Innenstadt oder unser Nordend gemeinsam zu laufen. Auch bei Fahrten bringen Sie gerne Stimmung in den Bus.<\/p>\n<p>In zahlreichen Auftritten zeigen sie ihr spielerisches K\u00f6nnen und bringen immer wieder gute Laune in\u00b4s Geschehen. Das Repertoire geht \u00fcber M\u00e4rsche, Walzer, moderne Musik bis hin zu Konzert-St\u00fccken und steigt weiter stetig an. Sie sind immer gerne mit Frohsinn und Feierlaune dabei.<\/p>\n<p>Ansprechpartnerin ist Mareike Maierhof. Sie ist erreichbar unter <a href=\"https:\/\/musikfreunde-fulda.de.tl\/\">Musikfreunde Fulda<\/a>.\u00a0<\/p>\n\n\n<p><\/p>\n","protected":false},"excerpt":{"rendered":"<p>Die Musikfreunde Fulda Die Musikfreunde Fulda wurden am 12. Mai 2007 gegr\u00fcndet. Zielsetzung der Musikfreunde ist es, die Musik und den daraus entstehenden Spa\u00df an die Mitmenschen weiterzugeben. Bereits vorher bestanden in Fulda verschiedene Spielmanns- und Fanfarenz\u00fcge, deren Existenz mit Sicherheit nicht unwesentlich zur Gr\u00fcndung der Musikfreunde beigetragen hat. Achtundzwanzig interessierte Musiker, die mit viel [&hellip;]<\/p>\n","protected":false},"author":1,"featured_media":0,"parent":23,"menu_order":0,"comment_status":"closed","ping_status":"closed","template":"","meta":{"ocean_post_layout":"","ocean_both_sidebars_style":"","ocean_both_sidebars_content_width":0,"ocean_both_sidebars_sidebars_width":0,"ocean_sidebar":"","ocean_second_sidebar":"","ocean_disable_margins":"enable","ocean_add_body_class":"","ocean_shortcode_before_top_bar":"","ocean_shortcode_after_top_bar":"","ocean_shortcode_before_header":"","ocean_shortcode_after_header":"","ocean_has_shortcode":"","ocean_shortcode_after_title":"","ocean_shortcode_before_footer_widgets":"","ocean_shortcode_after_footer_widgets":"","ocean_shortcode_before_footer_bottom":"","ocean_shortcode_after_footer_bottom":"","ocean_display_top_bar":"default","ocean_display_header":"default","ocean_header_style":"","ocean_center_header_left_menu":"","ocean_custom_header_template":"","ocean_custom_logo":0,"ocean_custom_retina_logo":0,"ocean_custom_logo_max_width":0,"ocean_custom_logo_tablet_max_width":0,"ocean_custom_logo_mobile_max_width":0,"ocean_custom_logo_max_height":0,"ocean_custom_logo_tablet_max_height":0,"ocean_custom_logo_mobile_max_height":0,"ocean_header_custom_menu":"","ocean_menu_typo_font_family":"","ocean_menu_typo_font_subset":"","ocean_menu_typo_font_size":0,"ocean_menu_typo_font_size_tablet":0,"ocean_menu_typo_font_size_mobile":0,"ocean_menu_typo_font_size_unit":"px","ocean_menu_typo_font_weight":"","ocean_menu_typo_font_weight_tablet":"","ocean_menu_typo_font_weight_mobile":"","ocean_menu_typo_transform":"","ocean_menu_typo_transform_tablet":"","ocean_menu_typo_transform_mobile":"","ocean_menu_typo_line_height":0,"ocean_menu_typo_line_height_tablet":0,"ocean_menu_typo_line_height_mobile":0,"ocean_menu_typo_line_height_unit":"","ocean_menu_typo_spacing":0,"ocean_menu_typo_spacing_tablet":0,"ocean_menu_typo_spacing_mobile":0,"ocean_menu_typo_spacing_unit":"","ocean_menu_link_color":"","ocean_menu_link_color_hover":"","ocean_menu_link_color_active":"","ocean_menu_link_background":"","ocean_menu_link_hover_background":"","ocean_menu_link_active_background":"","ocean_menu_social_links_bg":"","ocean_menu_social_hover_links_bg":"","ocean_menu_social_links_color":"","ocean_menu_social_hover_links_color":"","ocean_disable_title":"default","ocean_disable_heading":"default","ocean_post_title":"","ocean_post_subheading":"","ocean_post_title_style":"","ocean_post_title_background_color":"","ocean_post_title_background":0,"ocean_post_title_bg_image_position":"","ocean_post_title_bg_image_attachment":"","ocean_post_title_bg_image_repeat":"","ocean_post_title_bg_image_size":"","ocean_post_title_height":0,"ocean_post_title_bg_overlay":0.5,"ocean_post_title_bg_overlay_color":"","ocean_disable_breadcrumbs":"default","ocean_breadcrumbs_color":"","ocean_breadcrumbs_separator_color":"","ocean_breadcrumbs_links_color":"","ocean_breadcrumbs_links_hover_color":"","ocean_display_footer_widgets":"default","ocean_display_footer_bottom":"default","ocean_custom_footer_template":"","omw_enable_modal_window":"enable","ofc_meta_disable_footer_callout":"","ofc_meta_callout_button_url":"","ofc_meta_callout_button_txt":"","ofc_meta_callout_text":"","ofc_enable_fullscreen":"disable","ofc_fullscreen_speed":0,"ofc_fullscreen_nav":"enable","ofc_fullscreen_nav_pos":"right","ofc_fullscreen_nav_color":"","ofc_fullscreen_nav_tooltip_color":"","ofc_fullscreen_responsive":0,"osp_disable_panel":"default","osh_disable_topbar_sticky":"default","osh_disable_header_sticky":"default","osh_sticky_header_style":"default","osh_sticky_header_effect":"","osh_custom_sticky_logo":0,"osh_custom_retina_sticky_logo":0,"osh_custom_sticky_logo_height":0,"osh_background_color":"","osh_links_color":"","osh_links_hover_color":"","osh_links_active_color":"","osh_links_bg_color":"","osh_links_hover_bg_color":"","osh_links_active_bg_color":"","osh_menu_social_links_color":"","osh_menu_social_hover_links_color":"","footnotes":""},"class_list":["post-2028","page","type-page","status-publish","hentry","entry"],"_links":{"self":[{"href":"https:\/\/gvnordend.de\/index.php?rest_route=\/wp\/v2\/pages\/2028","targetHints":{"allow":["GET"]}}],"collection":[{"href":"https:\/\/gvnordend.de\/index.php?rest_route=\/wp\/v2\/pages"}],"about":[{"href":"https:\/\/gvnordend.de\/index.php?rest_route=\/wp\/v2\/types\/page"}],"author":[{"embeddable":true,"href":"https:\/\/gvnordend.de\/index.php?rest_route=\/wp\/v2\/users\/1"}],"replies":[{"embeddable":true,"href":"https:\/\/gvnordend.de\/index.php?rest_route=%2Fwp%2Fv2%2Fcomments&post=2028"}],"version-history":[{"count":2,"href":"https:\/\/gvnordend.de\/index.php?rest_route=\/wp\/v2\/pages\/2028\/revisions"}],"predecessor-version":[{"id":2192,"href":"https:\/\/gvnordend.de\/index.php?rest_route=\/wp\/v2\/pages\/2028\/revisions\/2192"}],"up":[{"embeddable":true,"href":"https:\/\/gvnordend.de\/index.php?rest_route=\/wp\/v2\/pages\/23"}],"wp:attachment":[{"href":"https:\/\/gvnordend.de\/index.php?rest_route=%2Fwp%2Fv2%2Fmedia&parent=2028"}],"curies":[{"name":"wp","href":"https:\/\/api.w.org\/{rel}","templated":true}]}}